 1384082 is divided by 67.
63
Calculate the remainder when 973545 is divided by 243384.
9
What is the remainder when 50931 is divided by 12732?
3
What is the remainder when 6001273 is divided by 575?
573
What is the remainder when 74587 is divided by 306?
229
Calculate the remainder when 34785562 is divided by 66.
64
What is the remainder when 4167075 is divided by 6678?
3
What is the remainder when 915848 is divided by 61055?
23
What is the remainder when 14608502 is divided by 112373?
12
Calculate the remainder when 299124 is divided by 149554.
16
What is the remainder when 161619 is divided by 3167?
102
What is the remainder when 27350 is divided by 9564?
8222
Calculate the remainder when 130615 is divided by 153.
106
What is the remainder when 1579390 is divided by 42630?
2080
What is the remainder when 978899 is divided by 42540?
479
Calculate the remainder when 2811759 is divided by 1827.
6
Calculate the remainder when 75955 is divided by 25262.
169
What is the remainder when 81832 is divided by 5444?
172
What is the remainder when 93374 is divided by 11?
6
Calculate the remainder when 690952 is divided by 3156.
2944
Calculate the remainder when 1455952 is divided by 485000.
952
Calculate the remainder when 1649922 is divided by 1616.
1602
Calculate the remainder when 17837665 is divided by 1189177.
10
What is the remainder when 294585 is divided by 16355?
195
What is the remainder when 1549230 is divided by 5?
0
What is the remainder when 2628076 is divided by 32849?
156
Calculate the remainder when 232234 is divided by 100.
34
What is the remainder when 3087663 is divided by 47?
45
Calculate the remainder when 352055424 is divided by 57.
54
What is the remainder when 198155 is divided by 84?
83
Calculate the remainder when 722890361 is divided by 192.
185
What is the remainder when 401583 is divided by 3?
0
Calculate the remainder when 140354 is divided by 14031.
44
What is the remainder when 13949615 is divided by 278992?
15
What is the remainder when 287145 is divided by 19143?
0
Calculate the remainder when 252062 is divided by 84020.
2
Calculate the remainder when 1524031 is divided by 8197.
7586
What is the remainder when 274887 is divided by 369?
351
Calculate the remainder when 3841034 is divided by 7.
1
Calculate the remainder when 43996717 is divided by 42550.
17
Calculate the remainder when 40003 is divided by 458.
157
What is the remainder when 199501 is divided by 99676?
149
Calculate the remainder when 21305 is divided by 20429.
876
Calculate the remainder when 326602 is divided by 4804.
4734
What is the remainder when 13797255 is divided by 36891?
21
Calculate the remainder when 4581574 is divided by 416502.
52
Calculate the remainder when 15124014 is divided by 356.
66
What is the remainder when 235721 is divided by 235212?
509
What is the remainder when 242377 is divided by 80663?
388
What is the remainder when 71818499 is divided by 260?
259
Calculate the remainder when 86834 is divided by 99.
11
Calculate the remainder when 4194900 is divided by 123.
108
What is the remainder when 1895681 is divided by 519?
293
What is the remainder when 14025125 is divided by 103?
27
Calculate the remainder when 6848240 is divided by 6848105.
135
What is the remainder when 78078 is divided by 38287?
1504
Calculate the remainder when 239383 is divided by 1131.
742
Calculate the remainder when 106510150 is divided by 223.
221
What is the remainder when 1161807 is divided by 19046?
1
What is the remainder when 258680 is divided by 222?
50
What is the remainder when 144146 is divided by 48043?
17
What is the remainder when 1185046 is divided by 38225?
71
What is the remainder when 24312302 is divided by 12156145?
12
What is the remainder when 1306469 is divided by 1070?
1069
Calculate the remainder when 6663090 is divided by 1106.
546
Calculate the remainder when 55068 is divided by 644.
328
What is the remainder when 1402822 is divided by 467607?
1
Calculate the remainder when 14565 is divided by 333.
246
Calculate the remainder when 62145937 is divided by 314.
313
What is the remainder when 242162 is divided by 117?
89
Calculate the remainder when 7590668 is divided by 91.
85
What is the remainder when 16906220 is divided by 16906220?
0
Calculate the remainder when 8177108 is divided by 37.
34
Calculate the remainder when 7960513 is divided by 612346.
15
Calculate the remainder when 3079131 is divided by 97.
60
What is the remainder when 32911273 is divided by 341?
340
What is the remainder when 2351536 is divided by 569?
428
What is the remainder when 2926745 is divided by 975531?
152
Calculate the remainder when 2692013629 is divided by 836.
833
What is the remainder when 232399 is divided by 116085?
229
What is the remainder when 1933685 is divided by 509?
503
Calculate the remainder when 2982 is divided by 584.
62
What is the remainder when 1504237909 is divided by 33?
31
What is the remainder when 6217840 is divided by 1850?
1840
Calculate the remainder when 91627455 is divided by 10180828.
3
What is the remainder when 127378342 is divided by 2404?
2402
Calculate the remainder when 16655458 is divided by 356.
354
What is the remainder when 123056 is divided by 8696?
1312
Calculate the remainder when 57420 is divided by 881.
155
Calculate the remainder when 20909811 is divided by 5.
1
What is the remainder when 39684833 is divided by 8035?
8003
Calculate the remainder when 4550728 is divided by 5001.
4819
What is the remainder when 536929 is divided by 143?
107
What is the remainder when 11996080 is divided by 70982?
122
Calculate the remainder when 70928669 is divided by 166.
23
Calculate the remainder when 87206 is divided by 43365.
476
Calculate the remainder when 740130 is divided by 178.
6
What is the remainder when 23436 is divided by 22680?
756
What is the remainder when 1797996 is divided by 449494?
20
Calculate the remainder when 141797 is divided by 110.
7
Calculate the remainder when 9788536 is divided by 386.
348
What is the remainder when 681706 is divided by 340674?
358
Calculate the remainder when 128395 is divided by 2041.
1853
What is the remainder when 2561216 is divided by 22?
20
Calculate the remainder when 6701 is divided by 188.
121
What is the remainder when 380541 is divided by 76077?
156
Calculate the remainder when 11903 is divided by 3942.
77
Calculate the remainder when 3289601 is divided by 365502.
83
What is the remainder when 3531623 is divided by 99?
95
Calculate the remainder when 10303 is divided by 222.
91
Calculate the remainder when 179000005 is divided by 57.
55
What is the remainder when 280779 is divided by 1276?
59
What is the remainder when 2956767 is divided by 492791?
21
Calculate the remainder when 41829867 is divided by 69.
66
Calculate the remainder when 626945409 is divided by 12.
9
Calculate the remainder when 21360 is divided by 586.
264
Calculate the remainder when 82468 is divided by 638.
166
What is the remainder when 11167190 is divided by 446669?
465
What is the remainder when 13886589 is divided by 2494?
2491
What is the remainder when 915704 is divided by 457539?
626
What is the remainder when 110610770 is divided by 19240?
10
What is the remainder when 259471291 is divided by 1951?
1948
Calculate the remainder when 5818 is divided by 3799.
2019
Calculate the remainder when 2661914 is divided by 43637.
57
What is the remainder when 38161150 is divided by 6912?
6910
Calculate the remainder when 213398 is divided by 1201.
821
Calculate the remainder when 218118578 is divided by 761.
758
Calculate the remainder when 14024262 is divided by 7012128.
6
What is the remainder when 715184 is divided by 3083?
3011
Calculate the remainder when 61441 is divided by 10178.
373
What is the remainder when 45991811 is divided by 335?
331
What is the remainder when 5235056 is divided by 127?
116
Calculate the remainder when 173237448 is divided by 8350.
8348
Calculate the remainder when 15182270 is divided by 2739.
2732
What is the remainder when 6326108 is divided by 176?
140
Calculate the remainder when 50685 is divided by 4736.
3325
What is the remainder when 1031806907 is divided by 1683?
1682
Calculate the remainder when 352759 is divided by 58770.
139
Calculate the remainder when 17